{"id":434,"date":"2019-03-12T16:30:33","date_gmt":"2019-03-12T16:30:33","guid":{"rendered":"http:\/\/caiverbicaro.it\/?page_id=434"},"modified":"2019-05-30T19:35:07","modified_gmt":"2019-05-30T19:35:07","slug":"dalla-grotta-del-romito-a-papasidero","status":"publish","type":"page","link":"https:\/\/caiverbicaro.it\/index.php\/la-sezione-pino-aversa\/un-po-di-storia\/percorsi-storici\/dalla-grotta-del-romito-a-papasidero\/","title":{"rendered":"Dalla grotta del Romito a Papasidero"},"content":{"rendered":"\n<p><em>Percorso di grande interesse storico e naturalistico: <\/em>si snoda all\u2019interno della riserva naturale orientata \u201cValle del fiume Lao\u201d inserita nel sito ZPS secondo la direttiva uccelli, per la presenza del \u201ccapovaccaio\u201d la \u201cpoiana\u201d \u201cl\u2019aquila reale\u201d, il \u201cfalco pellegrino\u201d, volatili, purtroppo, in grave pericolo di estinzione a causa dei gravi e frequenti incendi boschivi. La riserva ha un\u2019estensione di 5200 ettari, con altitudine massima di m. 1460 del monte Ciagola, con presenza di gole e valli scolpite da agenti atmosferici e dai corsi d\u2019acqua. <br><\/p>\n\n\n\n<figure class=\"wp-block-image is-resized\"><img loading=\"lazy\" src=\"http:\/\/caiverbicaro.it\/wp-content\/uploads\/2019\/03\/B2ADCC10-FFB0-4C91-BFD6-5489D04E1992.jpeg\" alt=\"\" class=\"wp-image-451\" width=\"353\" height=\"356\" srcset=\"https:\/\/caiverbicaro.it\/wp-content\/uploads\/2019\/03\/B2ADCC10-FFB0-4C91-BFD6-5489D04E1992.jpeg 436w, https:\/\/caiverbicaro.it\/wp-content\/uploads\/2019\/03\/B2ADCC10-FFB0-4C91-BFD6-5489D04E1992-150x150.jpeg 150w, https:\/\/caiverbicaro.it\/wp-content\/uploads\/2019\/03\/B2ADCC10-FFB0-4C91-BFD6-5489D04E1992-297x300.jpeg 297w\" sizes=\"(max-width: 353px) 85vw, 353px\" \/><\/figure>\n\n\n\n<figure class=\"wp-block-image is-resized\"><img loading=\"lazy\" src=\"http:\/\/caiverbicaro.it\/wp-content\/uploads\/2019\/03\/26AFDDA2-051E-4D9F-8E9C-D0E19FC7A367.jpeg\" alt=\"\" class=\"wp-image-452\" width=\"360\" height=\"172\" srcset=\"https:\/\/caiverbicaro.it\/wp-content\/uploads\/2019\/03\/26AFDDA2-051E-4D9F-8E9C-D0E19FC7A367.jpeg 574w, https:\/\/caiverbicaro.it\/wp-content\/uploads\/2019\/03\/26AFDDA2-051E-4D9F-8E9C-D0E19FC7A367-300x143.jpeg 300w\" sizes=\"(max-width: 360px) 85vw, 360px\" \/><\/figure>\n\n\n\n<p><em>Percorso tipo E, di moderata difficolt\u00e0; lungo km. 11,200; perdita di quota m. 220; tempo di percorrenza, ca.h4 con sosta; necessari scarponi da escursionismo, riserva d\u2019acqua, bastoncini.<\/em><\/p>\n\n\n\n<p>La grotta del romito si raggiunge percorrendo la SP 3. Oltrepassato Papasidero compaiono i cartelli indicatori per la grotta; si continua fino a localit\u00e0 Nuppolara dove un cartello invita a svoltare a sinistra(per chi proviene dalla costa tirrenica), in direzione della grotta che si raggiunge dopo ca. 1 km.<\/p>\n\n\n\n<p>La visita \u00e8 a pagamento. I visitatori sono accolti dalla figura \u201curo\u201d, il Bos primigenius, incisa su di un masso posto all\u2019ingresso della grotta, quasi fosse una divinit\u00e0 protettiva. L\u2019incisione risale a 10.500 anni fa ed \u00e8 considerata la pi\u00f9 bella dell\u2019area del mediterraneo. La grotta \u00e8 indagata dall\u2019Istituto Pigorini: \u00e8 di grande importanza storica per la presenza di sepolture contenenti scheletri ben conservati e di reperti databili tra 23.000 e 10.000 anni fa che hanno permesso di comprendere l\u2019organizzazione sociale e le abitudini alimentari dell\u2019homo sapiens.<\/p>\n\n\n\n<p>Terminata la visita alla grotta si risale per raggiungere un\u2019area di sosta attrezzata, dalla quale si prende il sentiero che porta alla chiesa bizantina di S. Maria di Costantinopoli e poi sale, attraversato il fiume Lao, sulla SP3 all\u2019ingresso di Papasidero. Il percorso si snoda su di un sentiero ben tracciato che attraversa leccete e macchia mediterranea. Il paesaggio \u00e8 spettacolare, caratterizzato dalla profonda valle scolpita dal fiume Lao, che vi scorre con i suoi colori cangianti, molto frequentato per attivit\u00e0 di rafting. Il sentiero \u00e8 parte di quello usato dagli achei di Sibaris per raggiungere, da Laino, la foce del fiume. La parte terminale, che dall\u2019abitato di Papasidero raggiunge la valle, pur esistendo \u00e8 di difficile percorribilit\u00e0 perch\u00e8 invaso da fitta macchia. Il percorso si pu\u00f2 fare a ritroso, senza eccessive difficolt\u00e0, per tornare al punto di partenza. Per evitare il ritorno si deve parcheggiare all\u2019ingresso di Papasidero e raggiungere il punto di partenza con mezzo collettivo.<\/p>\n\n\n\n<p><\/p>\n\n\n\n<figure class=\"wp-block-image is-resized\"><img loading=\"lazy\" src=\"http:\/\/caiverbicaro.it\/wp-content\/uploads\/2019\/03\/064E740A-0442-447B-8994-359253C7A922-1024x768.jpeg\" alt=\"\" class=\"wp-image-453\" width=\"364\" height=\"273\" srcset=\"https:\/\/caiverbicaro.it\/wp-content\/uploads\/2019\/03\/064E740A-0442-447B-8994-359253C7A922-1024x768.jpeg 1024w, https:\/\/caiverbicaro.it\/wp-content\/uploads\/2019\/03\/064E740A-0442-447B-8994-359253C7A922-300x225.jpeg 300w, https:\/\/caiverbicaro.it\/wp-content\/uploads\/2019\/03\/064E740A-0442-447B-8994-359253C7A922-768x576.jpeg 768w, https:\/\/caiverbicaro.it\/wp-content\/uploads\/2019\/03\/064E740A-0442-447B-8994-359253C7A922-1200x900.jpeg 1200w\" sizes=\"(max-width: 364px) 85vw, 364px\" \/><\/figure>\n\n\n\n<figure class=\"wp-block-image is-resized\"><img loading=\"lazy\" src=\"http:\/\/caiverbicaro.it\/wp-content\/uploads\/2019\/03\/D9830AE1-4F5E-417F-A314-55021835076F-1024x768.jpeg\" alt=\"\" class=\"wp-image-454\" width=\"363\" height=\"272\" srcset=\"https:\/\/caiverbicaro.it\/wp-content\/uploads\/2019\/03\/D9830AE1-4F5E-417F-A314-55021835076F-1024x768.jpeg 1024w, https:\/\/caiverbicaro.it\/wp-content\/uploads\/2019\/03\/D9830AE1-4F5E-417F-A314-55021835076F-300x225.jpeg 300w, https:\/\/caiverbicaro.it\/wp-content\/uploads\/2019\/03\/D9830AE1-4F5E-417F-A314-55021835076F-768x576.jpeg 768w, https:\/\/caiverbicaro.it\/wp-content\/uploads\/2019\/03\/D9830AE1-4F5E-417F-A314-55021835076F-1200x900.jpeg 1200w\" sizes=\"(max-width: 363px) 85vw, 363px\" \/><\/figure>\n\n\n\n<figure class=\"wp-block-image is-resized\"><img loading=\"lazy\" src=\"http:\/\/caiverbicaro.it\/wp-content\/uploads\/2019\/03\/236500C9-F040-42C4-B39F-A35D35AD41B9-397x1024.jpeg\" alt=\"\" class=\"wp-image-455\" width=\"293\" height=\"757\" srcset=\"https:\/\/caiverbicaro.it\/wp-content\/uploads\/2019\/03\/236500C9-F040-42C4-B39F-A35D35AD41B9-397x1024.jpeg 397w, https:\/\/caiverbicaro.it\/wp-content\/uploads\/2019\/03\/236500C9-F040-42C4-B39F-A35D35AD41B9-116x300.jpeg 116w, https:\/\/caiverbicaro.it\/wp-content\/uploads\/2019\/03\/236500C9-F040-42C4-B39F-A35D35AD41B9-768x1982.jpeg 768w, https:\/\/caiverbicaro.it\/wp-content\/uploads\/2019\/03\/236500C9-F040-42C4-B39F-A35D35AD41B9-1200x3096.jpeg 1200w, https:\/\/caiverbicaro.it\/wp-content\/uploads\/2019\/03\/236500C9-F040-42C4-B39F-A35D35AD41B9.jpeg 1265w\" sizes=\"(max-width: 293px) 85vw, 293px\" \/><\/figure>\n","protected":false},"excerpt":{"rendered":"<p>Percorso di grande interesse storico e naturalistico: si snoda all\u2019interno della riserva naturale orientata \u201cValle del fiume Lao\u201d inserita nel sito ZPS secondo la direttiva uccelli, per la presenza del \u201ccapovaccaio\u201d la \u201cpoiana\u201d \u201cl\u2019aquila reale\u201d, il \u201cfalco pellegrino\u201d, volatili, purtroppo, in grave pericolo di estinzione a causa dei gravi e frequenti incendi boschivi. La riserva &hellip; <a href=\"https:\/\/caiverbicaro.it\/index.php\/la-sezione-pino-aversa\/un-po-di-storia\/percorsi-storici\/dalla-grotta-del-romito-a-papasidero\/\" class=\"more-link\">Leggi tutto<span class=\"screen-reader-text\"> &#8220;Dalla grotta del Romito a Papasidero&#8221;<\/span><\/a><\/p>\n","protected":false},"author":1,"featured_media":0,"parent":417,"menu_order":1,"comment_status":"closed","ping_status":"closed","template":"","meta":[],"_links":{"self":[{"href":"https:\/\/caiverbicaro.it\/index.php\/wp-json\/wp\/v2\/pages\/434"}],"collection":[{"href":"https:\/\/caiverbicaro.it\/index.php\/wp-json\/wp\/v2\/pages"}],"about":[{"href":"https:\/\/caiverbicaro.it\/index.php\/wp-json\/wp\/v2\/types\/page"}],"author":[{"embeddable":true,"href":"https:\/\/caiverbicaro.it\/index.php\/wp-json\/wp\/v2\/users\/1"}],"replies":[{"embeddable":true,"href":"https:\/\/caiverbicaro.it\/index.php\/wp-json\/wp\/v2\/comments?post=434"}],"version-history":[{"count":6,"href":"https:\/\/caiverbicaro.it\/index.php\/wp-json\/wp\/v2\/pages\/434\/revisions"}],"predecessor-version":[{"id":1262,"href":"https:\/\/caiverbicaro.it\/index.php\/wp-json\/wp\/v2\/pages\/434\/revisions\/1262"}],"up":[{"embeddable":true,"href":"https:\/\/caiverbicaro.it\/index.php\/wp-json\/wp\/v2\/pages\/417"}],"wp:attachment":[{"href":"https:\/\/caiverbicaro.it\/index.php\/wp-json\/wp\/v2\/media?parent=434"}],"curies":[{"name":"wp","href":"https:\/\/api.w.org\/{rel}","templated":true}]}}